-12 - -24. Calculate the greatest common divisor of v and n.
12
Let k be 6/(-15) - 17/(-5). Let h be 3/9 + (-32)/(-3). Suppose u + 92 = 5*q + h, -u = -k*q + 47. Calculate the highest common divisor of 51 and q.
17
Let a = 9 - 6. Suppose -a*k = 2*k - 35. Calculate the highest common divisor of k and 1.
1
Let n(c) = c**3 + 4 + 1 - 5*c**2 - 3. Let q be n(5). Let r be (2 + -1)/(q/210). What is the highest common divisor of r and 15?
15
Let k = 3 - -53. What is the highest common factor of k and 616?
56
Suppose 2*z + 4 + 2 = 0. Let j = 3 + z. Suppose 4*x - 45 = -j*l - 3*l, -17 = -x + 5*l. Calculate the greatest common divisor of x and 60.
12
Let h(v) = 3*v**2 - 3. Let n = 1 - 5. Let l be h(n). What is the greatest common divisor of l and 18?
9
Let y be 8 - (-2 - 2)/(-2). Let f be (-2)/(3/((-45)/y)). Calculate the greatest common factor of f and 2.
1
Suppose 5*a + 2*x - 7 = 0, 2*a + 2*x + 3*x = -14. Suppose 74 = a*t - 46. What is the greatest common factor of 5 and t?
5
Let s(i) = -i + 11. Let r be s(9). Let v be 2 - (0 + r/(-2)). Suppose 15 = -v*n + 99. What is the greatest common factor of n and 42?
14
Let s(i) = 4*i**2 - 10*i. Let r be s(4). Calculate the highest common divisor of r and 8.
8
Suppose 32*l + 35 = 33*l. What is the greatest common divisor of 245 and l?
35
Let a(n) = 8*n - 19. Let o be a(5). Calculate the greatest common divisor of o and 42.
21
Let y(d) = -d**3 - 10*d**2 - 9*d - 4. Let n be y(-9). Let u be (-1)/(-2) - 118/n. Suppose 2*q + 0*q - 20 = 0. What is the greatest common factor of u and q?
10
Let s be -20*12/(-16) + -6. What is the highest common divisor of s and 144?
9
Let q be 1/4 + 334/8. Suppose 6*j - q = 3*j. What is the greatest common factor of 7 and j?
7
Suppose -240 = -25*o + 19*o. Calculate the highest common factor of 8 and o.
8
Let p be -4*(-8)/12*(-1 + 31). What is the highest common factor of p and 10?
10
Let h be (-33)/44 + (-26)/8 - -32. Calculate the highest common factor of 42 and h.
14
Let l(i) = -3*i - i + 0*i - i**2 + i**3. Let g be l(3). Suppose 0 = 2*u - 3*t - 111, -5*u + 4*t = -g*u + 83. What is the highest common divisor of 9 and u?
9
Let t = -115 + 125. What is the greatest common divisor of t and 20?
10
Let y be (7 + 3)*8/10. Calculate the highest common factor of y and 4.
4
Let c = 0 + 21. What is the highest common divisor of c and 3?
3
Let q(b) = b**3 + 3. Let d be q(0). Let x = 5 - 5. Let f be (-24)/d*(-2 - x). Calculate the highest common factor of 40 and f.
8
Suppose -8*a + 131 + 181 = 0. Calculate the highest common factor of a and 26.
13
Let w(g) = 86*g + 2. Let q be w(3). Calculate the greatest common divisor of q and 26.
26
Let l be 2 - (-1 + 0/(-1)). Calculate the highest common divisor of l and 15.
3
Let r(q) = 26*q - 5. Let u(t) = -t + 1. Let b(p) = -r(p) - 2*u(p). Let f be b(-4). Calculate the greatest common divisor of 9 and f.
9
Let t = 5 - 2. Suppose t*d = -11 - 4. Let n be 3/((-6)/d)*2. What is the greatest common divisor of n and 1?
1
Suppose -5*s + 24 = 3*v, -v + 16 + 12 = -5*s. Suppose 0 = 2*t - 23 - 3. What is the greatest common factor of v and t?
13
Let m be (13 - 1) + (-4)/2. Let n(q) = -q + 12. Let i be n(m). Suppose -2*d = i*d - 2*a - 42, 0 = -4*a - 12. Calculate the highest common factor of 45 and d.
9
Let w = 25 - 1. Calculate the greatest common divisor of w and 36.
12
Suppose -2 - 4 = -3*p. What is the highest common divisor of p and 14?
2
Let y = 173 - -3. Suppose 4*t - y = -5*q, 2 = 3*t - 5*t. What is the greatest common divisor of q and 24?
12
Let h(w) = w**3 - 2*w**2 - w - 7. Let x be h(4). Let t = 133 - 28. What is the greatest common divisor of x and t?
21
Let v be (-82)/(-8) + 3/(-12). Let w(z) = z**3 + 12*z**2 + 22*z + 22. Let c be w(-10). What is the highest common divisor of v and c?
2
Suppose -2*l - 160 = -6*l - 4*o, 3*o - 75 = -2*l. Let u = 144 - l. Suppose -5*v - 45 = -10*v. What is the highest common divisor of u and v?
9
Let v = 121 - 26. What is the greatest common factor of v and 38?
19
Let o be (-4)/2 - (-6 - -4). Suppose o = -u - 1 + 9. Suppose u = 5*l - l. What is the greatest common divisor of l and 16?
2
Let p(i) be the third derivative of 2*i**2 + 0 + 0*i - 11/24*i**4 - 1/6*i**3. Let v be p(-2). Calculate the greatest common divisor of 189 and v.
21
Let p be 5/(-10) + 254/4. What is the greatest common divisor of p and 9?
9
Suppose -4*y - 1 = -5. Suppose x - 5*x = 3*n - 116, 0 = 3*x - 6. Let b be (6/4)/(6/n). Calculate the greatest common factor of y and b.
1
Suppose -l - 110 = -6*l. Calculate the highest common factor of 22 and l.
22
Suppose -m - 132 = 3*m. Let t = 22 - m. Suppose -4*f - 4 = -24. Calculate the highest common factor of t and f.
5
Suppose 3 = -0*l + l. Suppose c + 192 = l*c. What is the highest common factor of c and 12?
12
Let r(b) = -2*b + 15. Let u be r(7). Suppose -11 = -5*s - u. Calculate the highest common factor of 16 and s.
2
Let z(x) = -6*x - 8. Let l(b) = -6*b - 9. Let m(k) = 6*l(k) - 5*z(k). Let o be m(-4). Let r = -4 + 8. Calculate the greatest common factor of r and o.
2
Suppose -4*u = -4 - 28. Let t(o) = 4*o - 12. Let i be t(4). What is the highest common divisor of i and u?
4
Let t(w) = 2*w**2 - 10*w + 1. Let d be t(5). Calculate the highest common factor of d and 16.
1
Let t be 21 + 6*(0 - 3)/(-6). Let c be (18/(-8))/((-2)/8). Suppose -c = -4*b + 3. Calculate the highest common factor of t and b.
3
Let g be ((-4)/10)/((-5)/150). Suppose 0 = -4*h + h + g. Calculate the highest common factor of h and 32.
4
Suppose 74 - 4 = 2*k. Let i = -6 - -13. Calculate the highest common factor of k and i.
7
Let s = -15 + 26. What is the greatest common divisor of 88 and s?
11
Let g = 55 + -22. What is the greatest common divisor of 3 and g?
3
Let z = 139 - 91. Let r be (220/(-6))/((-32)/z). Calculate the greatest common factor of 5 and r.
5
Suppose -2*j - 54 = -2*u, -4*u + j = -u - 75. Suppose 37 = 2*d - 35. What is the greatest common factor of u and d?
12
Let m be (-56)/(-2)*(-36)/(-21). Calculate the greatest common factor of m and 120.
24
Suppose 69 + 219 = 3*u. What is the highest common divisor of u and 16?
16
Suppose -3*g = -3*a + 1263, -5*a = -0*a - 2*g - 2090. Calculate the greatest common divisor of a and 52.
52
Suppose 0 = -3*x - y + 10, 0*y - 19 = -5*x - 4*y. Suppose -5*d + 2*d + 319 = 4*j, -x*d + 320 = 5*j. What is the greatest common divisor of 15 and d?
15
Let j be (-24)/(2 - 5) + 3 + 0. What is the greatest common divisor of 55 and j?
11
Let w(m) = -m**3 - 4*m**2 + m. Let z be w(-5). Suppose -2*g + 7*g = z. Suppose -g*c + 33 - 1 = 0. Calculate the highest common factor of c and 24.
8
Suppose -6*s = -0*s - 306. Calculate the greatest common divisor of s and 17.
17
Let v be 3/(11/(-6) + 2). Suppose w = -0 + 2. Calculate the greatest common factor of w and v.
2
Let a = 76 - 43. Calculate the greatest common divisor of a and 33.
33
Suppose 0 = 4*r - 12 - 12. Let l be 1/6 - (-209)/r. What is the highest common factor of l and 5?
5
Let y = -16 - -17. What is the highest common divisor of y and 9?
1
Suppose 0*l + 8 = 4*l. Let s(j) = 13*j**l + 2*j + 1 - j + 27*j**2. Let t be s(-1). What is the highest common factor of t and 10?
10
Let z be (-35)/(-3) + 2/(-3). Suppose d = -2*l + 335, 4*l + 5*d = 7*l - 470. Let u be (7 - 1)*l/10. What is the highest common factor of z and u?
11
Let p be (1 - 3)/(-6 + 4). Let a be p/3*(1 + 2). What is the greatest common divisor of 1 and a?
1
Suppose 2 + 1 = -4*k + o, 3*k = -2*o + 6. Let r be k/(2/1 + -4). Let n be (r + 36)*(-18)/(-3). What is the greatest common divisor of 24 and n?
24
Let c = -66 + 20. Let m = -16 + c. Let z = -34 - m. Calculate the highest common factor of 14 and z.
14
Let t = -16 + 31. Calculate the greatest common divisor of 30 and t.
15
Suppose 24*m - 90 = 19*m. What is the greatest common divisor of 72 and m?
18
Suppose 17*n - 352 = 15*n. What is the greatest common factor of 16 and n?
16
Let i = 6 + -1. Suppose 3*c = -5 + 2. Let j = c - -6. What is the greatest common divisor of i and j?
5
Suppose 2*b = -4*c + 10 + 2, 2*b = 5*c + 3. Suppose -5*g = -4*r + 81, -b*g - 5*r + 11 = 43. Let o = g + 18. What is the highest common factor of 1 and o?
1
Let n(f) = -f + 4 - 3 - 3. Let i be n(-2). Suppose h - 4*h + 3 = i. Calculate the greatest common factor of 1 and h.
1
